01
List the prime factors of 85123768.
2, 31, 47, 67, 109
List the prime factors of 1334389499.
29, 46013431
List the prime factors of 2601497058.
2, 3, 73, 5939491
List the prime factors of 280796667.
3, 17, 31, 97, 1831
What are the prime factors of 3696588890?
2, 5, 19, 101, 192631
What are the prime factors of 1064026430?
2, 5, 17, 6258979
List the prime factors of 71397985.
5, 14279597
What are the prime factors of 93212866?
2, 251, 185683
What are the prime factors of 34243091?
34243091
What are the prime factors of 76941284?
2, 7, 2747903
What are the prime factors of 4405627169?
173, 383, 66491
List the prime factors of 254698860.
2, 3, 5, 13, 326537
What are the prime factors of 1178985996?
2, 3, 41, 449, 593
List the prime factors of 109632207.
3, 59, 619391
What are the prime factors of 2959934919?
3, 986644973
What are the prime factors of 2217368428?
2, 11, 89, 566233
List the prime factors of 307424476.
2, 29, 2650211
What are the prime factors of 992337275?
5, 557, 71263
What are the prime factors of 179860031?
13, 13835387
What are the prime factors of 452982618?
2, 3, 11, 7703
List the prime factors of 338057804.
2, 7, 19, 97, 6551
What are the prime factors of 234638950?
2, 5, 7, 13, 53, 139
List the prime factors of 384124408.
2, 41, 1171111
List the prime factors of 379941237.
3, 13, 249797
List the prime factors of 429276833.
429276833
List the prime factors of 349020250.
2, 5, 43, 32467
What are the prime factors of 4422630123?
3, 29, 16944943
What are the prime factors of 684596535?
3, 5, 7, 137, 47591
What are the prime factors of 71564172?
2, 3, 163, 36587
What are the prime factors of 134899607?
17, 7935271
What are the prime factors of 36696252?
2, 3, 29, 105449
What are the prime factors of 437945337?
3, 3499, 13907
List the prime factors of 747880164.
2, 3, 20774449
What are the prime factors of 784748958?
2, 3, 7, 673, 27763
What are the prime factors of 13846421?
19, 67, 73, 149
List the prime factors of 50974515.
3, 5, 125863
What are the prime factors of 426737135?
5, 11, 7758857
List the prime factors of 64852784.
2, 67, 60497
What are the prime factors of 440774708?
2, 11, 17, 2039
List the prime factors of 2475399688.
2, 67, 241, 19163
List the prime factors of 130846069.
130846069
What are the prime factors of 123521901?
3, 41173967
List the prime factors of 2224158906.
2, 3, 5531, 67021
What are the prime factors of 3633336747?
3, 17, 71, 193, 1733
List the prime factors of 61896478.
2, 7, 4421177
List the prime factors of 26468115.
3, 5, 1764541
List the prime factors of 7417770231.
3, 2472590077
What are the prime factors of 581909768?
2, 11, 89, 191, 389
List the prime factors of 1226531047.
7, 1069, 163909
List the prime factors of 17631491.
929, 18979
What are the prime factors of 57102300?
2, 3, 5, 21149
List the prime factors of 35295550.
2, 5, 113, 6247
What are the prime factors of 91691988?
2, 3, 7640999
List the prime factors of 23483022.
2, 3, 3913837
List the prime factors of 36805979.
7, 43, 122279
What are the prime factors of 4514372704?
2, 701, 201247
What are the prime factors of 17296403?
19, 197, 4621
What are the prime factors of 400251013?
31, 47, 274709
What are the prime factors of 763122551?
367, 2079353
List the prime factors of 247201768.
2, 11, 61, 46051
List the prime factors of 27905455.
5, 5581091
List the prime factors of 3821081646.
2, 3, 636846941
List the prime factors of 156479662.
2, 17, 4602343
What are the prime factors of 3874279198?
2, 1937139599
What are the prime factors of 3273458469?
3, 1091152823
List the prime factors of 5478771370.
2, 5, 41, 13362857
List the prime factors of 109837350.
2, 3, 5, 7, 59, 197
List the prime factors of 349876713.
3, 23, 859, 5903
List the prime factors of 12253794.
2, 3, 7, 197, 1481
List the prime factors of 3896696956.
2, 17, 57304367
List the prime factors of 200834787.
3, 17, 113, 34849
What are the prime factors of 125437366?
2, 523, 119921
List the prime factors of 94553644.
2, 23, 1027757
List the prime factors of 131994263.
23, 991, 5791
List the prime factors of 431793380.
2, 5, 61, 353929
List the prime factors of 8017926061.
29, 307, 900587
What are the prime factors of 692818663?
17, 61, 359, 1861
What are the prime factors of 170146345?
5, 47, 127, 5701
List the prime factors of 24395134.
2, 23, 530329
What are the prime factors of 18510087?
3, 6170029
What are the prime factors of 48472375?
5, 7, 31, 1787
List the prime factors of 240713424.
2, 3, 7, 79601
What are the prime factors of 368176616?
2, 17, 149, 18169
List the prime factors of 70161207.
3, 59, 389, 1019
List the prime factors of 354407552.
2, 23, 120383
What are the prime factors of 4305628955?
5, 2969, 290039
What are the prime factors of 2540910164?
2, 13, 31, 1576247
What are the prime factors of 3704786277?
3, 1327, 930617
What are the prime factors of 40551663?
3, 13517221
What are the prime factors of 26103364?
2, 7, 17, 29, 31, 61
What are the prime factors of 510962131?
41, 101, 163, 757
List the prime factors of 58373183.
11, 482423
What are the prime factors of 706238125?
5, 31, 36451
List the prime factors of 844430751.
3, 563, 18517
List the prime factors of 100453844.
2, 25113461
What are the prime factors of 4937580277?
7, 83, 8498417
What are the prime factors of 8709832727?
90107, 96661
What are the prime factors of 540717440?
2, 5, 683, 1237
List the prime factors of 822100169.
11, 6263, 11933
List the prime factors of 1789963382.
2, 53, 61, 276827
List the prime factors of 141919841.
7, 71, 285553
What are the prime factors of 47808586?
2, 7, 599, 5701
List the prime factors of 188929964.
2, 607, 77813
What are the prime factors of 9787497?
3, 3262499
List the prime factors of 61835995.
5, 13, 41, 23203
What are the prime factors of 184481599?
2837, 65027
What are the prime factors of 34142347?
439, 77773
List the prime factors of 379552404.
2, 3, 7, 11, 17, 73, 331
What are the prime factors of 578513382?
2, 3, 31, 3110287
What are the prime factors of 329358734?
2, 67, 2457901
List the prime factors of 2164850.
2, 5, 29, 1493
List the prime factors of 71227260.
2, 3, 5, 13, 61, 499
List the prime factors of 624586528.
2, 17, 23, 49919
What are the prime factors of 487081461?
3, 557, 291491
List the prime factors of 487057687.
107, 277, 16433
What are the prime factors of 12917121?
3, 7, 615101
What are the prime factors of 6587192810?
2, 5, 11, 17, 431, 743
List the prime factors of 302558961.
3, 1279, 78853
What are the prime factors of 53856749?
79, 681731
What are the prime factors of 489667822?
2, 7, 34976273
List the prime factors of 935649952.
2, 29239061
List the prime factors of 1747243801.
61, 151, 189691
What are the prime factors of 55990967?
19, 29, 307, 331
List the prime factors of 97701232.
2, 29, 193, 1091
List the prime factors of 926328593.
47, 19709119
List the prime factors of 19240958.
2, 11, 19, 191, 241
What are the prime factors of 429597664?
2, 593, 22639
List the prime factors of 113237510.
2, 5, 17, 23, 28961
What are the prime factors of 239863898?
2, 563, 213023
List the prime factors of 157342274.
2, 78671137
List the prime factors of 927822759.
3, 991, 312083
What are the prime factors of 181700429?
193, 941453
List the prime factors of 15098496.
2, 3, 7, 41, 137
List the prime factors of 503714.
2, 251857
What are the prime factors of 83679437?
83679437
What are the prime factors of 139463221?
139463221
List the prime factors of 856049536.
2, 349, 19163
What are the prime factors of 998461187?
17, 3454883
List the prime factors of 61480212.
2, 3, 53, 96667
What are the prime factors of 79422876?
2, 3, 13, 56569
What are the prime factors of 79159026?
2, 3, 67, 2939
List the prime factors of 63883521.
3, 13, 97, 433
What are the prime factors of 2674130578?
2, 7, 191009327
What are the prime factors of 145838134?
2, 13, 193, 29063
List the prime factors of 174249759.
3, 73, 795661
List the prime factors of 935663518.
2, 79, 331, 17891
What are the prime factors of 1338310272?
2, 3, 13, 268091
What are the prime factors of 456300150?
2, 3, 5, 67, 45403
What are the prime factors of 1461429565?
5, 17, 71, 113, 2143
List the prime factors of 2492055252.
2, 3, 107, 523, 1237
List the prime factors of 4